{"id":107,"date":"2024-12-27T23:05:02","date_gmt":"2024-12-27T23:05:02","guid":{"rendered":"https:\/\/sefanakliyatbeylikduzu.com.tr\/?page_id=107"},"modified":"2024-12-27T23:11:20","modified_gmt":"2024-12-27T23:11:20","slug":"hakkimizda","status":"publish","type":"page","link":"https:\/\/sefanakliyatbeylikduzu.com.tr\/index.php\/hakkimizda\/","title":{"rendered":"Hakk\u0131m\u0131zda"},"content":{"rendered":"\n  <div id=\"page-header-1768193880\" class=\"page-header-wrapper\">\n  <div class=\"page-title dark featured-title\">\n\n        <div class=\"page-title-bg\">\n      <div class=\"title-bg fill bg-fill\"\n        data-parallax-container=\".page-title\"\n        data-parallax-background\n        data-parallax=\"-\">\n      <\/div>\n      <div class=\"title-overlay fill\"><\/div>\n    <\/div>\n    \n    <div class=\"page-title-inner container align-center text-center flex-row-col medium-flex-wrap\" >\n              <div class=\"title-wrapper flex-col\">\n          <h1 class=\"entry-title mb-0\">\n            Hakk\u0131m\u0131zda          <\/h1>\n        <\/div>\n                    <div class=\"title-content flex-col\">\n        <div class=\"title-breadcrumbs pb-half pt-half\"><\/div>      <\/div>\n    <\/div>\n\n     \n<style>\n#page-header-1768193880 .title-bg {\n  background-image: url(https:\/\/sefanakliyatbeylikduzu.com.tr\/wp-content\/uploads\/2024\/12\/Gurpinar-Nakliye-Hizmetleri.jpg);\n}\n#page-header-1768193880 .title-overlay {\n  background-color: rgba(3, 89, 164, 0.75);\n}\n<\/style>\n  <\/div>\n    <\/div>\n  \n\n\n\t<section class=\"section\" id=\"section_1155398733\">\n\t\t<div class=\"section-bg fill\" >\n\t\t\t\t\t\t\t\t\t\n\t\t\t\n\n\t\t<\/div>\n\n\t\t\n\n\t\t<div class=\"section-content relative\">\n\t\t\t\n\n<div class=\"row\"  id=\"row-969003055\">\n\n\n\t<div id=\"col-1934606829\" class=\"col medium-4 small-12 large-4\"  data-animate=\"fadeInLeft\">\n\t\t<div class=\"is-sticky-column\"><div class=\"is-sticky-column__inner\">\t\t<div class=\"col-inner\"  >\n\t\t\t\n\t\t\t\n\n\t<div class=\"img has-hover x md-x lg-x y md-y lg-y\" id=\"image_85647990\">\n\t\t\t\t\t\t\t\t<div class=\"img-inner dark\" >\n\t\t\t<img loading=\"lazy\" decoding=\"async\" width=\"600\" height=\"800\" src=\"https:\/\/sefanakliyatbeylikduzu.com.tr\/wp-content\/uploads\/2024\/12\/Nakliye-Hizmetleri.png\" class=\"attachment-original size-original\" alt=\"Nakliye Hizmetleri\" srcset=\"https:\/\/sefanakliyatbeylikduzu.com.tr\/wp-content\/uploads\/2024\/12\/Nakliye-Hizmetleri.png 600w, https:\/\/sefanakliyatbeylikduzu.com.tr\/wp-content\/uploads\/2024\/12\/Nakliye-Hizmetleri-225x300.png 225w\" sizes=\"auto, (max-width: 600px) 100vw, 600px\" \/>\t\t\t\t\t\t\n\t\t\t\t\t<\/div>\n\t\t\t\t\t\t\t\t\n<style>\n#image_85647990 {\n  width: 100%;\n}\n<\/style>\n\t<\/div>\n\t\n\n\n\t\t<\/div>\n\t\t<\/div><\/div>\t\t\t<\/div>\n\n\t\n\n\t<div id=\"col-119850382\" class=\"col medium-8 small-12 large-8\"  data-animate=\"fadeInRight\">\n\t\t\t\t<div class=\"col-inner\"  >\n\t\t\t\n\t\t\t\n\n<p><strong>Sefa Nakliyat<\/strong> olarak, y\u0131llar\u0131n verdi\u011fi deneyim ve profesyonellik ile nakliye sekt\u00f6r\u00fcnde hizmet vermekteyiz. M\u00fc\u015fterilerimize g\u00fcvenli, h\u0131zl\u0131 ve kaliteli ta\u015f\u0131mac\u0131l\u0131k hizmetleri sunmay\u0131 ama\u00e7l\u0131yoruz. Beylikd\u00fcz\u00fc ve \u00e7evresinde faaliyet g\u00f6steren firmam\u0131z, evden eve nakliyat, ofis ta\u015f\u0131mac\u0131l\u0131\u011f\u0131, par\u00e7a e\u015fya ta\u015f\u0131mac\u0131l\u0131\u011f\u0131 ve depolama hizmetleri gibi geni\u015f bir hizmet yelpazesine sahiptir.<\/p>\n<h3>Misyonumuz<\/h3>\n<p>Misyonumuz, m\u00fc\u015fterilerimizin ta\u015f\u0131nma s\u00fcrecini en sorunsuz ve stressiz \u015fekilde ge\u00e7irmelerini sa\u011flamakt\u0131r. E\u011fitimli ve deneyimli ekibimiz, modern ekipmanlar\u0131m\u0131z ve m\u00fc\u015fteri odakl\u0131 hizmet anlay\u0131\u015f\u0131m\u0131zla her ta\u015f\u0131nma i\u015flemini \u00f6zenle ger\u00e7ekle\u015ftiriyoruz.<\/p>\n<h3>Vizyonumuz<\/h3>\n<p>Vizyonumuz, sekt\u00f6rde lider konuma gelerek daha fazla m\u00fc\u015fteriye ula\u015fmak ve nakliyat hizmetlerinde en \u00e7ok tercih edilen firma olmakt\u0131r. Teknolojiyi yak\u0131ndan takip eden ve s\u00fcrekli yenilenen yap\u0131m\u0131zla, m\u00fc\u015fterilerimize en iyi hizmeti sunmak i\u00e7in \u00e7al\u0131\u015f\u0131yoruz.<\/p>\n<h3>De\u011ferlerimiz<\/h3>\n<ul>\n<li>\n<p><strong>G\u00fcvenilirlik:<\/strong> M\u00fc\u015fterilerimizin e\u015fyalar\u0131n\u0131 g\u00fcvenle ta\u015f\u0131mak en b\u00fcy\u00fck \u00f6nceli\u011fimizdir.<\/p>\n<\/li>\n<li>\n<p><strong>Kalite:<\/strong> Y\u00fcksek hizmet standartlar\u0131m\u0131zla m\u00fc\u015fteri memnuniyetini sa\u011flamak.<\/p>\n<\/li>\n<li>\n<p><strong>Profesyonellik:<\/strong> \u0130\u015finde uzman, deneyimli ve e\u011fitimli personel ile \u00e7al\u0131\u015fmak.<\/p>\n<\/li>\n<li>\n<p><strong>M\u00fc\u015fteri Odakl\u0131l\u0131k:<\/strong> Her m\u00fc\u015fterinin ihtiyac\u0131na \u00f6zel \u00e7\u00f6z\u00fcmler sunmak ve memnuniyetlerini sa\u011flamak.<\/p>\n<\/li>\n<\/ul>\n<p>Sefa Nakliyat olarak, ta\u015f\u0131nma s\u00fcrecinizin g\u00fcvenli, h\u0131zl\u0131 ve sorunsuz ge\u00e7mesi i\u00e7in buraday\u0131z. Bizimle ileti\u015fime ge\u00e7erek profesyonel nakliyat hizmetlerimizden yararlanabilirsiniz.<\/p>\n\n\t\t<\/div>\n\t\t\t\t\t<\/div>\n\n\t\n\n<\/div>\n\n\t\t<\/div>\n\n\t\t\n<style>\n#section_1155398733 {\n  padding-top: 40px;\n  padding-bottom: 40px;\n}\n<\/style>\n\t<\/section>\n\t\n\n","protected":false},"excerpt":{"rendered":"","protected":false},"author":1,"featured_media":79,"parent":0,"menu_order":0,"comment_status":"closed","ping_status":"closed","template":"page-transparent-header-light.php","meta":{"footnotes":""},"class_list":["post-107","page","type-page","status-publish","has-post-thumbnail","hentry"],"_links":{"self":[{"href":"https:\/\/sefanakliyatbeylikduzu.com.tr\/index.php\/wp-json\/wp\/v2\/pages\/107","targetHints":{"allow":["GET"]}}],"collection":[{"href":"https:\/\/sefanakliyatbeylikduzu.com.tr\/index.php\/wp-json\/wp\/v2\/pages"}],"about":[{"href":"https:\/\/sefanakliyatbeylikduzu.com.tr\/index.php\/wp-json\/wp\/v2\/types\/page"}],"author":[{"embeddable":true,"href":"https:\/\/sefanakliyatbeylikduzu.com.tr\/index.php\/wp-json\/wp\/v2\/users\/1"}],"replies":[{"embeddable":true,"href":"https:\/\/sefanakliyatbeylikduzu.com.tr\/index.php\/wp-json\/wp\/v2\/comments?post=107"}],"version-history":[{"count":5,"href":"https:\/\/sefanakliyatbeylikduzu.com.tr\/index.php\/wp-json\/wp\/v2\/pages\/107\/revisions"}],"predecessor-version":[{"id":114,"href":"https:\/\/sefanakliyatbeylikduzu.com.tr\/index.php\/wp-json\/wp\/v2\/pages\/107\/revisions\/114"}],"wp:featuredmedia":[{"embeddable":true,"href":"https:\/\/sefanakliyatbeylikduzu.com.tr\/index.php\/wp-json\/wp\/v2\/media\/79"}],"wp:attachment":[{"href":"https:\/\/sefanakliyatbeylikduzu.com.tr\/index.php\/wp-json\/wp\/v2\/media?parent=107"}],"curies":[{"name":"wp","href":"https:\/\/api.w.org\/{rel}","templated":true}]}}